t q be w(-3). Suppose -2*p - 2*r = 324 - 1218, -2*r + 1344 = 3*p. What is the highest common factor of p and q?
50
Let g(j) = 36*j**2 + j - 6. Let o be g(2). Calculate the greatest common divisor of o and 40.
20
Suppose -2*i - 88 = -5*p - 3*i, 4*p - 3*i - 59 = 0. What is the greatest common divisor of p and 4?
1
Suppose 0 = 4*b - 16, -2*b - 4 = -p - p. Let d be (-10 - 0)/((-3)/p). Calculate the greatest common divisor of d and 4.
4
Let v be (-3)/(-2)*(-13 + -1). Let g be (-7)/(v/180) + 0. Suppose 3*a - 6*y + 3*y = 48, -5*a - 4*y = -44. What is the highest common factor of g and a?
12
Suppose 5*i - 812 = -4*g, -2*i + 4*g = 3 - 311. What is the highest common factor of 96 and i?
32
Suppose 0 = 4*h - 3*l + 1, -l - 3*l = -h + 16. Let w be 2824/32 + 1/h. Let j be (1 - 4)/(6/(-22)). What is the greatest common divisor of j and w?
11
Let i = 76 + -66. What is the greatest common divisor of i and 960?
10
Suppose 58 = -12*n + 41*n. What is the highest common factor of n and 34?
2
Suppose -5*u - 8 = 2. Let d be u/(-11) + (-520)/(-44). Calculate the greatest common divisor of d and 12.
12
Let a = 20 + -5. Let s(h) = 2*h**2 - 28*h - 1. Let d be s(a). What is the greatest common divisor of d and 116?
29
Let j = 84 - 36. What is the greatest common factor of j and 12?
12
Let s be -6 + (5 - (1 - 22)). Calculate the greatest common factor of 130 and s.
10
Suppose -205*w = -203*w - 156. Let l be (-126)/4*-2 - 0. Let b = -37 + l. Calculate the greatest common divisor of b and w.
26
Let k be 2/((-4)/(9 - 1)). Let w be 15 - (-8)/(k + 8). Let l be 53 - (0 + -1 + 3). Calculate the highest common divisor of l and w.
17
Let h be (-6 - -2)/(3/(-33)). Let m = -555 + 559. Calculate the greatest common divisor of h and m.
4
Let p be 6*9/((-54)/(-483)). Calculate the highest common divisor of p and 42.
21
Let x = 87 - 37. Suppose -8 + 14 = 3*d. Suppose -5*q + 5*n + 30 = 0, 0*q - 4*q - d*n = -48. What is the greatest common factor of q and x?
10
Let n = 21 + -19. Suppose 0 = -2*w + 5*z + 185, -5*w + n*w + 3*z + 300 = 0. What is the highest common divisor of w and 15?
15
Let c = 24 - 19. Let j be 2 + 3 + 192 - c. What is the highest common divisor of j and 16?
16
Let j be (32/(-10))/((-2)/10). Let v(l) = l + 5. Let c = -14 - -25. Let r be v(c). What is the greatest common divisor of j and r?
16
Suppose -8*g + 3 = -9*g, -2*h - 2*g + 250 = 0. Calculate the highest common factor of h and 3712.
128
Let b be 1/(-2)*(-10)/1. Suppose 0 = b*w, 4*w = -0*d - 2*d + 10. Let o be -14*(-4 + 3)*1 - (0 - 1). Calculate the greatest common divisor of o and d.
5
Suppose -3*g + b + 190 = -316, 843 = 5*g - 2*b. Calculate the highest common divisor of g and 104.
13
Let j(s) = -45*s - 456. Let c be j(-14). Calculate the greatest common factor of c and 6.
6
Let t(y) = 13*y**2 + 12*y + 50. Let a be t(-4). What is the highest common factor of a and 63?
21
Let k be ((-1)/6)/((-1)/6). Suppose k - 12 = -z. Suppose -x = -5*r + z + 2, 3*x = -4*r - 1. What is the greatest common factor of r and 22?
2
Let n be ((-30)/21 + 1)/(4/(-28)). Suppose 2*p + 44 = 4*k, 0 = -5*k - n*p + p + 37. What is the greatest common factor of 117 and k?
9
Suppose -4*z - 5*u + 3562 = 0, 3*u - 1778 = -2*z - u. Calculate the highest common factor of 94 and z.
47
Let l be 4 + -1 - (-40)/2. Let n = l + -14. Let o(c) = 20*c**2 - c + 3. Let y be o(2). What is the greatest common factor of y and n?
9
Let y(l) = -57*l - 294. Let j be y(-15). What is the highest common factor of j and 153?
51
Suppose 3*t - z = 27, 5*t - t - 25 = 5*z. Suppose 2*i - 20 = -4. Let n be -1 - ((-76)/3 - i/12). What is the greatest common divisor of t and n?
5
Let n be 20 + (3/(-2) - (-13)/26). Calculate the highest common factor of 9 and n.
1
Let d be ((-16)/10)/((-4)/(-10)). Let z be 20/(((-16)/d)/2). Calculate the highest common factor of 20 and z.
10
Suppose 5*c - 3*z - 72 = 0, -68 = 51*c - 55*c + 5*z. What is the greatest common divisor of 162 and c?
6
Let k be (-5 - 4)/(9/(-6)). Suppose -k*f + 4*f = 24. Let s be 76/f*(-1 + -8). Calculate the greatest common factor of 19 and s.
19
Let u = 96 + -93. Suppose 14 = -0*o + o + v, 2*v = 3*o - 47. What is the greatest common divisor of u and o?
3
Let k be (-1)/3*(-5)/((-5)/(-3)). Let s be (-297)/(-9) + (k - 4). Calculate the highest common factor of 150 and s.
30
Let o(t) = -3*t**2 + 33*t - 27. Let k be o(10). Let s = -4 + 10. Calculate the greatest common factor of s and k.
3
Suppose 2*v = 2*i - 117 + 1781, -4*i - 1662 = -2*v. Calculate the greatest common factor of v and 17.
17
Suppose 5*o = 5*d + 590, 253 = 4*o - 2*d - 227. Let s = -88 + o. What is the greatest common factor of 374 and s?
34
Let p = 151 - 135. Let i(n) = n**2 - 18*n + 37. Let m be i(p). Suppose 25 = 4*x + x. Calculate the greatest common factor of m and x.
5
Suppose -44*u + 384 = -36*u. What is the highest common divisor of 160 and u?
16
Let i be (246/574)/((-1)/(-70)). Suppose -4*k - 6 = 2*g + 8, 2*k = -10. Calculate the highest common factor of i and g.
3
Let h be 10/(-75) - (-1626)/45. Let d be 3/(h/10 + -3). What is the greatest common divisor of d and 25?
5
Suppose -46 = -3*z - 121. Let y = z + 29. Calculate the highest common divisor of 4 and y.
4
Let s = 24 - 14. What is the greatest common factor of 6 and s?
2
Suppose 7*l = 18 + 17. Suppose -5*j - z + 302 = 3*z, l*z + 217 = 4*j. What is the highest common divisor of j and 29?
29
Suppose -930 = 25*g - 28*g. What is the highest common factor of g and 31?
31
Let x(k) = -7*k - 6. Let r be x(-4). Suppose i + 4*t = -3*i + 2084, -2*t + 2605 = 5*i. Suppose 447 = 4*d - i. What is the greatest common factor of r and d?
22
Let a(j) = 89*j - 996. Let k be a(12). Let o be ((-12)/7)/(1/(-28)). Calculate the highest common factor of k and o.
24
Let s = -16 - -22. Let h = s + 6. Suppose 16*m - h = 15*m. What is the highest common divisor of 84 and m?
12
Let r be 3 - (-3 - 114)/1. Let f = -94 + r. What is the highest common divisor of 286 and f?
26
Let r(y) = -y**2 + 7*y - 3. Let o be (-4 - -8 - 0) + 2. Suppose -o*m + 0 + 18 = 0. Let h be r(m). Calculate the greatest common factor of h and 1.
1
Suppose 5*o = 95 + 65. Let w(a) = -13*a - 56. Let i be w(-8). What is the highest common divisor of o and i?
16
Suppose 6*d = -18 + 66. Let r = 39 + -23. What is the greatest common divisor of r and d?
8
Suppose 0 = -22*g + 25*g + 3, 0 = -4*m - g + 4795. What is the highest common divisor of m and 218?
109
Let v(x) = -x + 16. Let u be v(10). Let b be 21/9 + 4/u - -34. Calculate the greatest common divisor of b and 111.
37
Suppose 1625 = 5*i + 5*m, -5*i + 3*i = -4*m - 632. Calculate the highest common factor of 14 and i.
14
Suppose 18 = 4*c + 5*c. Suppose -c*v + 15 = 3*i, 4*v - 5*i - 13 = v. Calculate the highest common divisor of 24 and v.
6
Let v(q) = 356*q**2 + 45*q - 95. Let n be v(2). Calculate the highest common divisor of 99 and n.
33
Let k(l) = -2*l**2 + 13*l + 8. Let r be k(-8). Let i be (r/4)/((-10)/15). Calculate the highest common factor of i and 12.
12
Let v = 94 + -46. Suppose -3*f + v = -s, 10 = -5*s - 5. Calculate the greatest common factor of 10 and f.
5
Let u(s) = -5*s. Suppose 4*a = -5*h - 69, 0*a - a = 4*h + 31. Let p be u(a). What is the highest common factor of p and 5?
5
Let o(x) = x**3 - x**2 - 17*x + 33. Let w be o(4). Let c be 159/(-3 - 0)*-4. Let m = c - 121. Calculate the highest common factor of w and m.
13
Suppose 32*d - 38*d + 72 = 0. Calculate the greatest common factor of d and 348.
12
Let s(r) = -r**3 - 2*r**2 + 4*r - 7. Let w be s(-5). Suppose 504 = -2*c + 3*c. Suppose 0 = -4*d - 3*d + c. Calculate the highest common divisor of d and w.
24
Let x = -45 + 408. What is the highest common factor of x and 33?
33
Suppose 18*w = -93 + 525. Calculate the highest common factor of w and 300.
12
Let r = 34 - -4. Suppose -2*h + 22 = -r. Calculate the greatest common divisor of h and 12.
6
Suppose 8 = 2*a - f, 0 = a + 103*f - 105*f - 13. Let y(k) = -k**3 - 4*k**2 - 2*k - 5. Let l be y(-4). Calculate the highest common divisor of a and l.
1
Suppose 7*h + 47 = 103. Calculate the highest common factor of 284 and h.
4
Let j be ((-225)/(-125))/(1 - (-314)/(-315)). Calculate the greatest common divisor of 81 and j.
81
Suppose 0 = 8*w - 60 - 116. What is the greatest common divisor of w and 63